)?
12
Suppose -2764 = -4*p - 4*n, 0 = p + 146*n - 144*n - 696. Calculate the remainder when p is divided by 53.
50
Let i(t) = 25*t**3 - 6*t**2 + 3*t + 7. Let d be i(3). Calculate the remainder when (d/39)/((-2)/(-12)) is divided by 20.
18
Let x(d) = d**2. Calculate the remainder when x(-5) is divided by 24.
1
What is the remainder when -38 + 246 - 6/1 is divided by 51?
49
Suppose 4*f = 44 + 52. Calculate the remainder when -3 + f/9*3 is divided by 4.
1
Suppose 5*r + 2*d = 38, -18 - 24 = -5*r - 3*d. Suppose -z + r*z - 60 = 0. Calculate the remainder when 166 is divided by z.
10
What is the remainder when 4 is divided by 8/6*(-4 - (-76)/16)?
0
Suppose -1 - 169 = 5*u. Let s = u - -42. Calculate the remainder when 15 is divided by s.
7
Let w = 93 + -91. Let y(b) = 7*b. Let c(g) = -g + 9. Let a be c(8). What is the remainder when y(a) is divided by w?
1
Suppose 0 = z - 10. What is the remainder when 2/4*(1 + -1) + 34 is divided by z?
4
Let q be -3*(2160/(-6))/10. Let n(r) = r**3 - r**2 - 1. Let f be n(2). Suppose -f*s - s = -q. Calculate the remainder when s is divided by 15.
12
Let n = 1 - 7. Let i be n/2 - (2 + -1). Let u = 12 + i. What is the remainder when u is divided by 4?
0
Suppose 24 = 5*t - 16. Suppose -t + 13 = -5*q. Let v(m) = 18*m**2 + m + 1. Calculate the remainder when 69 is divided by v(q).
15
Let i(n) = -n**2 + 11*n + 10. What is the remainder when i(9) is divided by 17?
11
Suppose 0 = 5*r + 5*t - 10, 10 = 2*r - 5*r + 5*t. Suppose -3*i - 3*k + 51 = r, -85 = -0*i - 5*i - 2*k. What is the remainder when i is divided by 6?
5
Suppose 0 = -y - 5*q + 16, 5*q = 4*y - 41 - 23. Suppose 42 = 2*u + 2*i + 2*i, 0 = 5*u + 4*i - 117. Calculate the remainder when u is divided by y.
9
Suppose -4 = -4*s + 8. Suppose -3*m + 254 = 2*m - s*b, 0 = -4*b + 8. Calculate the remainder when m is divided by 11.
8
Suppose 4*y - 9 = -45. Calculate the remainder when (5/(-3))/(3/y) is divided by 4.
1
Suppose 313*i - 303*i = 90. Calculate the remainder when 131 is divided by i.
5
Suppose -842 - 2410 = -12*l. What is the remainder when l is divided by 68?
67
What is the remainder when -4 - ((-324)/135)/(2/705) is divided by 18?
14
Let d(l) = l**2 - 2*l - 72. Let u(o) = -17*o - 2. Calculate the remainder when u(-8) is divided by d(-9).
26
Suppose -22*b + 174 - 20 = 0. What is the remainder when 97 is divided by b?
6
What is the remainder when (-63)/126*-623*2 is divided by 12?
11
Let u(p) = p**2 - 8*p - 24. What is the remainder when (24/(-20))/((-4)/50) is divided by u(11)?
6
Let d = 14 - 8. Let w(v) = v**3 - 5*v**2 - v - 9. Let k be w(8). Let y = k + -158. Calculate the remainder when y is divided by d.
5
Suppose 0 = 3*s + 2*s - 35. Suppose 2*r - 24 = 22. Let z = r + -20. What is the remainder when s is divided by z?
1
Let a = 8 + -7. Let i be (-70)/(-15)*-3*a. What is the remainder when 78 is divided by (-2)/7 - 284/i?
18
Suppose 0 = -3*j + 171 - 0. Let c = j + 29. What is the remainder when c is divided by 29?
28
Suppose -u = 5*x + 20, -6*x - 16 = -2*x. Let o(g) = -g + 16. Let c = 23 - 18. What is the remainder when o(u) is divided by c?
1
Suppose 9 - 1 = 4*b, -g = 4*b - 47. What is the remainder when 344 is divided by g?
32
Let j be (4 - -1) + -3 + -79. Let m be (-4 - -6)*j/2. Let o = m + 112. What is the remainder when o is divided by 9?
8
Let s(g) = -2*g**2 - 31*g - 100. Let r(i) = -i**2 - 11*i + 7. Calculate the remainder when r(-5) is divided by s(-10).
7
Suppose 4*y - 2*i + 4 = 2*i, 0 = -3*y + i - 1. Suppose y = 2*u + 5 - 13. Suppose -f + 2 = f, u*w = 2*f + 82. What is the remainder when w is divided by 6?
3
Let f(y) = -2*y**3 - 5*y**2 + 5. Let g be f(-3). Let p = g + 26. What is the remainder when p is divided by 21?
19
Calculate the remainder when 64 is divided by (9/((-99)/(-22)))/((-2)/(-19)).
7
Let w = -37 + 77. Suppose -k + 11 = -3*k - 5*s, 5*k = s + w. What is the remainder when 13 is divided by k?
6
Suppose 11*a - 2*q = 8338, 5*a = 3*a + 5*q + 1516. What is the remainder when a is divided by 45?
38
Suppose 0 = 2995*i - 2991*i - 164. Let s(p) = p**3 - 5*p**2 + 4*p + 7. Let w be s(5). Suppose 3*z = 15 + w. What is the remainder when i is divided by z?
13
Let w = -545 + 555. Calculate the remainder when 299 is divided by w.
9
Let d(j) = 6*j**3 - 3*j**2 + 2*j - 1. Let h(s) = -s**3 + 8*s**2 - 3*s. Let a be h(5). Suppose -4*l + a = -l. Calculate the remainder when d(2) is divided by l.
19
Let n(c) = -c**2 + 4. Let l be n(-2). Suppose l = -4*i - 314 + 918. Calculate the remainder when i is divided by 38.
37
Calculate the remainder when 51 is divided by (5 - (-110)/(-20))/((-5)/230).
5
Let a = -2392 - -2519. What is the remainder when a is divided by 69?
58
Let x = -31 - -43. Let u = -4 + 3. Calculate the remainder when (4 - -29)/((-1)/u) is divided by x.
9
Let r be -3*(2/4)/(30/(-100)). Suppose -9 = 3*w, r*z = w + 250 - 12. Calculate the remainder when z is divided by 24.
23
Let u = -35 + 33. Let y be u + 3 - 33/(-3). Suppose 2*f = -2 + y. What is the remainder when 38 is divided by f?
3
Let t = -997 - -1071. Calculate the remainder when 279 is divided by t.
57
Suppose -1 = -d + 4. Suppose -d*p + 2*p = -45. Calculate the remainder when 55 is divided by p.
10
Suppose -5*x - 111 = -2*t, 0 = -t + x - 2 + 65. What is the remainder when 146 is divided by t?
10
Suppose -10*c + 7 + 53 = 0. Let f = 49 - 18. What is the remainder when f is divided by (-35)/(-2) + (-3)/c?
14
Suppose 13*t - 88 = 9*t. Calculate the remainder when 149 is divided by t.
17
Let r = 25 - -16. Let o = 48 - r. Calculate the remainder when 11 is divided by o.
4
Suppose 4*l - 2*o = 48, 5*l - 74 = -3*o + 2*o. What is the remainder when l is divided by (-68)/(-18) + (-2)/(-9)?
2
Suppose m - 30 = -4*m. Let z be 63/m - 1/(-2). Suppose l - z = -0*l. Calculate the remainder when 52 is divided by l.
8
Let l be (-4)/(-1 + 2 - 2). Suppose 7 = -l*i + 47. Calculate the remainder when 39 is divided by i.
9
Let t = 902 + -877. What is the remainder when 88 is divided by t?
13
Let g = 31 + -16. Suppose 5*h = g + 5. Suppose 2*m = -8, h*i - 2*m - 188 = -0*i. Calculate the remainder when i is divided by 24.
21
Let g(v) = v**2 + 17*v + 39. Let i = 22 + -12. What is the remainder when g(-17) is divided by i?
9
Let u be (4 + 42/(-12))/((-1)/(-4)). Suppose 5*c + u*i = 10, -4*c - 8 + 44 = -4*i. What is the remainder when 5 is divided by c?
1
Let u be 3 + 1 - 1/(-1). Suppose u*a + 4*r - 9 = 0, -5*a + 29 = -0*a - r. Let n(k) = k**3 - 5*k**2 + 3*k + 2. What is the remainder when 67 is divided by n(a)?
16
Suppose -5*d - v = -119, 81 = 3*d - 0*v + 3*v. Let p = 1386 + -1342. What is the remainder when p is divided by d?
21
Suppose 3*l + 20 = -2*w + 5*l, -5*l = -3*w - 34. Calculate the remainder when 27 is divided by (28/w - -4)*14.
6
Suppose x + 45 = 2*t, 0 = 5*x - 5 - 10. Let b be (-2)/(-3 - (-76)/t). Calculate the remainder when (-6)/(-8) - 507/b is divided by 11.
10
Suppose 0*q = -5*q + 10. Let j be -294 - (3 - (q - -1)). Let y = -200 - j. What is the remainder when y is divided by 24?
22
Let s(p) = p**3 + 6*p**2 - 19*p + 9. What is the remainder when s(-8) is divided by 9?
6
Calculate the remainder when 139 is divided by ((-11480)/(-65))/4 + (-10)/65.
7
Let j be -15*(4 + -1 + -4). Suppose 4*s = s + j. What is the remainder when s is divided by 4?
1
What is the remainder when 39 is divided by -3 - (-2 - 5/((-30)/(-24)))?
0
Let d(s) = -s**3 + s**2 - 7*s + 3. Let z(w) = w**2 + w. Let j(c) = d(c) + 4*z(c). What is the remainder when 22 is divided by j(4)?
1
Let r be (66/(-9))/((-2)/(-6)). Suppose 0 = 4*b - 2*p + 7*p - 507, -5*b = 2*p - 621. What is the remainder when b is divided by (-8)/44 - 686/r?
30
What is the remainder when (-2433)/(-12) + 1 - 40/(-32) is divided by 8?
5
Let h(b) = b**3 + 7*b**2 + 7*b + 4. Let p(o) = o**3 - 28*o**2 - 208*o - 10. What is the remainder when h(-4) is divided by p(-6)?
10
Calculate the remainder when 257 is divided by (-80)/(-3)*111/148.
17
Let n = 3 - 3. Suppose -4*g + d = -6*g + 11, n = g - 4*d - 28. Let k = -8 - -13. Calculate the remainder when g is divided by k.
3
Let k(i) be the second derivative of -i**5/20 - 7*i**4/6 - 5*i**3/2 - 20*i. What is the remainder when 206 is divided by k(-13)?
24
Let j(s) = -4*s**3 + s**2 + 2*s. Let o be (10/4 - (0 + 3))*2. What is the remainder